s 568803924 a multiple of 4023?
True
Is 192 a factor of 1044957203?
False
Does 14 divide 1345348592?
True
Is 111134205 a multiple of 9?
True
Is 407590680 a multiple of 8?
True
Is 1527974334 a multiple of 51?
False
Does 88 divide 7908120?
True
Does 274 divide 5131311162?
True
Is 279 a factor of 48902283?
True
Does 3231 divide 1762775072?
False
Does 1404 divide 1043132688?
True
Is 1176114216 a multiple of 894?
True
Does 163 divide 69764740?
False
Is 56 a factor of 877476480?
False
Is 436319703 a multiple of 29?
True
Is 332617170 a multiple of 4470?
True
Does 2826 divide 38530437?
False
Does 32 divide 862470186?
False
Is 89495136 a multiple of 25?
False
Is 21 a factor of 26534870?
False
Is 878857498 a multiple of 18?
False
Is 286358652 a multiple of 27?
True
Is 957 a factor of 406592934?
True
Is 2205547 a multiple of 241?
False
Is 1789 a factor of 50150705?
False
Is 22 a factor of 492290282?
True
Is 32 a factor of 110725856?
True
Does 2686 divide 21657143?
False
Does 313 divide 289042980?
True
Is 90198103 a multiple of 303?
False
Is 283 a factor of 7416298?
True
Does 4579 divide 278316199?
True
Is 25 a factor of 37055700?
True
Is 238192830 a multiple of 1587?
True
Does 272 divide 44743417?
False
Does 17 divide 60592216?
True
Does 31 divide 53126901?
True
Does 1251 divide 32651331?
False
Does 51 divide 210760458?
True
Is 2755 a factor of 1824400294?
False
Is 1176 a factor of 1794576?
True
Does 88 divide 58935624?
True
Is 874 a factor of 133000076?
True
Is 324136632 a multiple of 116?
False
Is 68 a factor of 5740084?
True
Is 1650 a factor of 51455796?
False
Does 84 divide 755697585?
False
Is 258311666 a multiple of 1541?
True
Is 36242000 a multiple of 40?
True
Is 44032960 a multiple of 148?
True
Is 16 a factor of 14643191?
False
Does 6 divide 566374908?
True
Does 296 divide 1052396614?
False
Does 423 divide 3331125?
True
Does 90 divide 233419500?
True
Is 12919440 a multiple of 1508?
False
Does 57 divide 49856485?
False
Is 28118944 a multiple of 16?
True
Is 29512258 a multiple of 128?
False
Is 211802606 a multiple of 418?
False
Is 19051060 a multiple of 10?
True
Is 1009 a factor of 2338976687?
False
Does 434 divide 176508668?
True
Is 126 a factor of 791323218?
True
Is 8 a factor of 61195224?
True
Does 645 divide 657416895?
True
Does 324 divide 395164656?
True
Is 40379484 a multiple of 87?
True
Does 13 divide 34027383?
True
Is 100927512 a multiple of 14?
True
Does 181 divide 672378981?
True
Does 6366 divide 1751532589?
False
Is 289072114 a multiple of 2845?
False
Is 1421 a factor of 55782776?
True
Does 23 divide 194214806?
True
Does 53 divide 160021163?
False
Is 53 a factor of 15726915?
False
Is 9808459 a multiple of 4?
False
Is 105700203 a multiple of 9?
True
Is 54 a factor of 5744300814?
True
Is 325 a factor of 8439600?
True
Is 15 a factor of 1579506663?
False
Is 71165520 a multiple of 5?
True
Does 92 divide 1364203?
False
Is 168255724 a multiple of 62?
True
Is 127 a factor of 11689970?
False
Does 260 divide 138079500?
True
Is 1186 a factor of 287781714?
True
Is 250345419 a multiple of 1077?
True
Does 483 divide 87641316?
True
Does 38 divide 42519942?
False
Does 20 divide 387058479?
False
Is 162063566 a multiple of 7?
True
Does 70 divide 391710665?
False
Does 993 divide 3661191?
True
Is 61 a factor of 48641965?
False
Is 12 a factor of 12587052?
True
Does 179 divide 65467460?
True
Is 366044850 a multiple of 450?
True
Does 3 divide 36754014?
True
Does 1233 divide 614863098?
False
Is 161803025 a multiple of 11?
False
Is 56876175 a multiple of 25?
True
Is 424 a factor of 7768952?
True
Does 159 divide 419269569?
False
Is 207898065 a multiple of 25?
False
Does 1927 divide 315038635?
False
Is 1152390158 a multiple of 2713?
True
Is 308203986 a multiple of 46?
False
Is 1237455961 a multiple of 23?
False
Is 75 a factor of 62726287?
False
Does 75 divide 22896225?
True
Is 41 a factor of 406408318?
True
Does 53 divide 78979152?
False
Is 434 a factor of 25510930?
False
Is 42 a factor of 4149923094?
False
Is 211005820 a multiple of 1252?
True
Is 43 a factor of 904621339?
False
Is 140343488 a multiple of 1309?
False
Is 15457400 a multiple of 643?
False
Is 56544210 a multiple of 148?
False
Does 20 divide 28480?
True
Is 82 a factor of 742586506?
True
Is 34017698 a multiple of 983?
True
Is 69934224 a multiple of 3422?
False
Is 17645563 even?
False
Does 1563 divide 280206825?
True
Is 2453 a factor of 37151297?
False
Is 233601101 a multiple of 286?
False
Is 222 a factor of 17200338?
True
Is 128130940 a multiple of 1042?
False
Is 4237 a factor of 1425695244?
False
Is 3512974 a multiple of 35?
False
Does 737 divide 2566971?
True
Does 3220 divide 11795543?
False
Does 19 divide 26255593?
False
Is 1280979300 a multiple of 300?
True
Is 11150190 a multiple of 804?
False
Is 5830094 a multiple of 158?
False
Is 135100252 a multiple of 1743?
False
Is 10 a factor of 3176708216?
False
Does 2941 divide 58372968?
True
Is 3349703 a multiple of 86?
False
Is 1283 a factor of 180157577?
True
Is 1096 a factor of 466188392?
False
Is 26516308 a multiple of 13?
True
Is 48 a factor of 167499387?
False
Does 12 divide 141753686?
False
Is 194487244 a multiple of 908?
True
Is 134 a factor of 208848190?
False
Is 41 a factor of 24260110?
True
Does 75 divide 362513475?
True
Is 393698278 a multiple of 1406?
True
Is 236 a factor of 46203136?
True
Is 1406 a factor of 331100346?
True
Is 47 a factor of 25010815?
True
Does 80 divide 212789843?
False
Does 51 divide 12200004?
False
Is 966 a factor of 58194738?
True
Does 13 divide 4470154?
True
Is 369106660 a multiple of 2?
True
Does 150 divide 332679450?
True
Does 413 divide 3357438964?
False
Is 925 a factor of 14215715?
False
Is 12 a factor of 206548416?
True
Does 5 divide 175926458?
False
Does 6980 divide 75749416?
False
Is 6882 a factor of 167962092?
True
Is 2928 a factor of 1214868192?
True
Is 285487684 a multiple of 1475?
False
Is 943698843 a multiple of 213?
True
Does 2 divide 19524462?
True
Is 49393214 a multiple of 3622?
True
Is 7 a factor of 59389914?
False
Is 477298647 a multiple of 357?
True
Does 5 divide 122085562?
False
Does 898 divide 291577906?
True
Does 789 divide 853145639?
False
Is 6863545884 a multiple of 12?
True
Does 589 divide 192705170?
False
Is 8 a factor of 22096703?
False
Is 1159297125 a multiple of 2625?
True
Is 1699 a factor of 871515019?
False
Does 652 divide 1487616246?
False
Does 44 divide 213445139?
False
Does 23 divide 83030?
True
Is 10 a factor of 124932015?
False
Does 4 divide 5111508?
True
Is 23175721 a multiple of 90?
False
Is 30 a factor of 414591900?
True
Is 238034979 a multiple of 1027?
True
Does 29 divide 207451702?
False
Does 23 divide 20922696?
False
Does 24 divide 14516331?
False
Does 312 divide 1388605608?
True
Is 1880 a factor of 4732710398?
False
Does 209 divide 93899418?
False
Is 685376 a multiple of 47?
False
Does 1863 divide 20839518?
True
Is 1181 a factor of 19883120?
False
Is 3191 a factor of 2118157081?
True
Is 787 a factor of 96032101?
True
Is 124 a factor of 1281130434?
False
Is 44 a factor of 125465472?
True
Is 1774675 a multiple of 80?
False
Is 19746524 a multiple of 28?
True
Does 6 divide 810270350?
False
Is 39 a factor of 1518709355?
False
Does 150 divide 159798037?
False
Does 542 divide 1119708?
False
Does 775 divide 162175366?
False
Is 42472800 a multiple of 15?
True
Is 165 a factor of 1723818968?
False
Is 656919432 a multiple of 13?
True
Is 34 a factor of 104631668?
True
Is 11 a factor of 29674930?
False
Is 1910199 a multiple of 3?
True
Does 80 divide 263302000?
True
Is 260 a factor of 59055620?
True
Is 8605610 a multiple of 26?
True
Is 104697306 a multiple of 1722?
False
Is 21 a factor of 172373221?
False
Is 19492584 a multiple of 71?
False
Does 28 divide 27151572?
True
Is 908 a factor of 505155610?
False
Is 40 a factor of 1368690857?
False
Is 205372011 a multiple of 8937?
False
Is 10 a factor of 350360690?
True
Does 82 divide 403927080?
True
Does 23 divide 1890622508?
False
Is 18 a factor of 51845544?
True
Is 46 a factor of 397401331?
False
Does 560 divide 20517840?
True
Is 36005435 a multiple of 28?
False
Is 217581892 a multiple of 109?
False
Is 7430459 a multiple of 110?
False
Is 1165 a factor of 11321034?
False
Does 2588 divide 136840500?
True
Is 19 a factor of 113186304?
False
Is 70442